).
238
Let x(p) = 4604*p - 313048. Determine x(68).
24
Let f(z) = z**3 + 74*z**2 + 68*z + 4974. Give f(-74).
-58
Let o(i) = -3*i**2 + 100*i + 568. What is o(-5)?
-7
Let k(x) = -x**3 - 9*x**2 + 3502*x + 41651. Give k(-12).
59
Let t(z) = z**3 - 252*z**2 - 16528*z + 1218. Give t(306).
-6
Let w(r) = r**3 + 44*r**2 + 8*r + 109. Calculate w(-6).
1429
Let u(z) = 119*z - 22027. Determine u(185).
-12
Let z(y) = 27342*y - 9679070. Calculate z(354).
-2
Let m(b) = 952*b - 113282. Calculate m(119).
6
Let x(w) = -9*w**3 + 43*w**2 - 33*w + 198. Determine x(5).
-17
Let c(k) = 2*k**3 + 48*k**2 + 22*k + 421. Calculate c(-24).
-107
Let m(l) = l**3 - 332*l**2 + 1081*l - 138938. Give m(330).
-8
Let y(j) = -j**3 + 324*j**2 - 938*j - 8028. Give y(321).
-3
Let z(k) = 60*k**2 - 2*k + 202. Determine z(0).
202
Let h(p) = 81*p**2 - 1344*p + 769. Determine h(16).
1
Let d(c) = 277966*c - 13064407. Give d(47).
-5
Let l(g) = 77599*g + 1396851. Determine l(-18).
69
Let m(f) = -417*f**3 - 3750*f**2 + 32*f + 48. Give m(-9).
3
Let q(p) = p**2 - 86*p - 8540. Give q(145).
15
Let i(z) = 2*z**2 - 1220*z + 95567. Calculate i(92).
255
Let l(u) = 267*u - 12758. Determine l(49).
325
Let h(m) = m**3 - 107*m**2 + 521*m - 1728. Determine h(102).
-606
Let s(j) = -j**2 - 1212232*j - 8485558. What is s(-7)?
17
Let z(f) = 2756*f + 16489. What is z(-6)?
-47
Let n(t) = -t**2 - 2657*t - 21227. Give n(-8).
-35
Let p(t) = 929*t + 23910. Calculate p(-26).
-244
Let h(y) = -2*y**3 + 10*y**2 - 3*y + 3. Give h(-4).
303
Let j(f) = -2515*f + 40020. Determine j(16).
-220
Let s(g) = 3*g**3 - 41*g**2 - 160*g + 2278. Determine s(12).
-362
Let l(j) = j**3 - 11*j**2 - 401*j + 83. Determine l(26).
-203
Let m(g) = -5*g**3 - 13788*g**2 - 966814*g + 149. Determine m(-72).
5
Let t(o) = -2*o**2 + 2665*o - 235127. Give t(95).
-2
Let y(b) = 33884*b - 338841. Give y(10).
-1
Let t(b) = -6*b**3 - 143*b**2 + 2*b - 45. What is t(-24)?
483
Let f(q) = -2042*q + 81920. Give f(40).
240
Let j(u) = -933*u - 12071. Calculate j(-13).
58
Let z(u) = -u**3 - 307*u**2 + 587*u - 9596. Determine z(-309).
-17
Let x(h) = 4841*h + 1573321. Give x(-325).
-4
Let f(h) = -3*h**3 + 203*h**2 + 5580*h - 120. Determine f(-21).
6
Let v(i) = -17*i**3 + 56*i**2 - 54*i + 116. Calculate v(3).
-1
Let k(i) = -34*i**3 - 7*i**2 - 100*i + 4. Calculate k(0).
4
Let z(b) = 253*b**2 + 82*b + 144. Determine z(-2).
992
Let y(p) = -1226*p**2 + 995509*p + 2418. Give y(812).
-18
Let a(u) = -1120864*u + 1120869. Determine a(1).
5
Let v(y) = 13*y**3 - 614*y**2 - 482*y + 113. Determine v(48).
17
Let l(n) = -20*n - 3629. Calculate l(-182).
11
Let z(o) = 215*o**2 + 209*o - 394. Calculate z(2).
884
Let q(s) = s**2 + 1095*s - 46646. Give q(41).
-70
Let t(x) = 178568*x - 1785690. Calculate t(10).
-10
Let l(h) = h**3 - 74*h**2 + 418*h - 61. Calculate l(6).
-1
Let h(g) = -5702*g**2 + 39923*g - 12. What is h(7)?
51
Let l(y) = -y**2 + 1235*y - 107239. What is l(94)?
15
Let z(m) = 2*m**3 - 114*m**2 - 22793*m - 411. Calculate z(139).
6
Let a(m) = -53*m**2 - 2231*m - 161. Give a(-42).
49
Let u(f) = -5*f**3 - 13*f**2 - 451*f + 2756. Calculate u(6).
-1498
Let x(i) = -3*i**3 + 90*i**2 - 80*i - 239. Calculate x(29).
-36
Let w(k) = 127*k**3 + 2158*k**2 - 3*k + 72. What is w(-17)?
-166
Let n(g) = 4476*g + 4506. Give n(-1).
30
Let y(s) = 627*s + 72720. Calculate y(-116).
-12
Let i(t) = 10*t**3 + 2432*t**2 + 489*t + 722. Calculate i(-243).
-7
Let b(n) = -91378*n + 913774. Calculate b(10).
-6
Let r(q) = 3252*q - 9692. Give r(3).
64
Let w(m) = -3*m**2 + 328*m - 241. Give w(109).
-132
Let r(a) = 4*a**3 + 32*a**2 - 608*a - 5035. Give r(-9).
113
Let n(z) = -391839*z - 10579658. Give n(-27).
-5
Let a(y) = -679*y**3 - 44*y**2 - 8*y - 11. Calculate a(-2).
5261
Let p(b) = -b**3 + 1617*b**2 - 316692*b + 23. Calculate p(228).
23
Let p(m) = -m**3 + 13*m**2 + 222*m - 2291. Calculate p(17).
327
Let i(h) = h**3 + 23*h**2 - 366*h + 55. What is i(10)?
-305
Let b(i) = 1432*i + 27997. Give b(-20).
-643
Let r(z) = 2*z**3 + 338*z**2 - 2069*z - 236833. What is r(-171)?
2
Let z(a) = -a**2 + 1059469*a - 13772930. Determine z(13).
-2
Let i(v) = -2*v**2 + 4123*v + 49774. Determine i(-12).
10
Let h(r) = -r**3 - 108*r**2 - 317*r - 225. Calculate h(-105).
-15
Let z(m) = 472040*m - 1888174. Calculate z(4).
-14
Let x(b) = 482987*b + 482990. Determine x(-1).
3
Let w(l) = -2*l**3 + 134*l**2 - 123*l - 595. Determine w(66).
-1
Let c(n) = -1672*n - 103688. Give c(-62).
-24
Let b(v) = 6*v**2 + 1347*v + 18718. Calculate b(-15).
-137
Let n(m) = m**3 + 5*m**2 - 99*m - 607. Give n(-9).
-40
Let v(d) = 12*d**2 + 807*d - 981. Calculate v(-68).
-369
Let u(k) = 30370*k + 7440661. Calculate u(-245).
11
Let j(f) = -1261*f + 659622. Determine j(523).
119
Let n(q) = 33638*q**2 - 201836*q + 57. What is n(6)?
9
Let h(d) = d**3 + 99*d**2 + 214*d + 139. Determine h(-97).
-1801
Let q(p) = 7865*p - 393255. Determine q(50).
-5
Let t(o) = -o**3 + 214*o**2 + 1787*o - 2432. Determine t(222).
10
Let o(c) = 6752*c - 40483. What is o(6)?
29
Let b(m) = 19*m**3 - 4162*m**2 + 201*m - 56. Determine b(219).
-3998
Let n(o) = 27*o**2 + 441*o - 263. What is n(-18)?
547
Let h(q) = -505*q - 18035. Determine h(-36).
145
Let u(q) = q**3 - 206*q**2 + 598*q - 166745. Determine u(207).
-110
Let a(c) = -7*c**2 + 149*c + 17. Calculate a(23).
-259
Let x(p) = 53*p**2 + 12146*p - 72606. Give x(-235).
9
Let u(z) = -173353*z + 3813767. What is u(22)?
1
Let p(r) = -2*r**3 + 51*r**2 + 2193*r - 165. What is p(-23)?
709
Let y(v) = 1212*v - 390262. What is y(322)?
2
Let k(d) = d**3 + 229*d**2 - 481*d - 57721. What is k(-230)?
9
Let q(u) = -13264*u - 13489513. What is q(-1017)?
-25
Let m(o) = 5*o**2 - 498*o - 16596. Calculate m(-26).
-268
Let j(r) = 1272*r - 12896. Calculate j(9).
-1448
Let l(j) = -280*j - 8779. What is l(-30)?
-379
Let t(q) = q**2 - 418100*q - 11289431. Give t(-27).
-2
Let t(v) = -v**3 - 14*v**2 - 3798*v - 41451. Determine t(-11).
-36
Let p(d) = d**2 - 24*d - 2878. Determine p(69).
227
Let u(v) = -51*v**3 - 1067*v**2 - 935*v + 110. Determine u(-20).
10
Let w(y) = y**3 + 113*y**2 + 120*y + 135. What is w(-112)?
-761
Let b(p) = 3*p**2 - 397*p + 12088. Determine b(44).
428
Let y(g) = -1675*g - 22794. Determine y(-14).
656
Let u(s) = 61*s + 5881. What is u(-88)?
513
Let z(v) = -5*v**3 - 197*v**2 - 610*v + 114. What is z(-36)?
42
Let o(j) = 494*j + 13705. What is o(-28)?
-127
Let d(m) = 3*m**2 - 3493*m + 373176. What is d(119)?
-8
Let v(l) = -36613*l - 183079. Calculate v(-5).
-14
Let f(y) = -50*y**2 - 10891*y + 13439. Give f(-219).
518
Let j(h) = -h**2 - 5*h + 2939. Calculate j(43).
875
Let q(n) = 18*n**2 + 1887*n + 45075. Calculate q(-68).
-9
Let x(b) = 9*b**2 + 9706*b + 48567. Determine x(-5).
262
Let r(l) = -6266*l + 12593. What is r(2)?
61
Let w(n) = 2*n**3 - 141*n**2 - 184*n - 2357. What is w(72)?
-53
Let c(h) = h**2 + 9*h - 286. Calculate c(-27).
200
Let a(m) = 4*m**3 + 9*m**2 + 6*m + 26. Give a(-6).
-550
Let v(u) = -4*u**2 + 80*u + 1301. Determine v(-10).
101
Let x(y) = 93*y + 15634. What is x(-165)?
289
Let c(w) = w**2 - 472*w + 16699. Give c(38).
207
Let h(i) = i**3 + 231*i**2 + 1073*i + 37455. Determine h(-227).
0
Let z(x) = 4*x**3 + 6*x**2 - 97*x - 143. Give z(-5).
-8
Let o(j) = -5467*j + 16530. What is o(3)?
129
Let g(b) = 1938*b - 32805. What is g(17)?
141
Let t(b) = -583*b**2 - 7249*b - 14501. Give t(-2).
-2335
Let u(t) = 2*t**3 + 107*t**2 + 3*t - 590. Give u(0).
-590
Let v(m) = m**3 + 245*m**2 - 912*m - 41747. Calculate v(-248).
-83
Let z(o) = 9*o**2 - 490*o - 1012. Determine z(-2).
4
Let r(g) = -553*g + 120699. Determine r(218).
145
Let p(j) = 18*j**3 + 315*j**2 - 89*j - 6. What is p(-18)?
-1320
Let w(i) = 41*i + 3066. What is w(-78)?
-132
Let o(j) = 16*j**2 - 1166*j - 160. Determine o(73).
-14
Let v(b) = -15*b**2 + 4117*b + 2223. What is v(275)?
23
Let i(o) = 43*o**2 + 239*o + 122. Determine i(-5).
2
Let p(c) = 231*c**2 + 2779*c + 93. Determine p(-12).
9
Let f(b) = 528*b + 40912. Give f(-80).
-1328
Let s(d) = -13050*d - 3771485. Calculate s(-289).
-35
Let n(r) = 4942*r - 301853. What is n(61)?
-391
Let v(q) = -q**3 - 29*q**2 - 298*q - 8419. Determine v(-29).
223
Let u(h) = 2262*h + 1110683. Give u(-491).
41
Let t(c) = -3*c**3 - 14*c**2 + 33*c + 19. Determine t(-7).
131
Let s(x) = -93*x**2 - 66*x + 193. Calculate s(-5).
-1802
Let j(v) = 1640*v 